 = 4*n**2 + 12*n - 38. What is the hundreds digit of t(-9)?
1
Suppose 3654 = 2*i - 2120. What is the hundreds digit of i?
8
Let j = 18 - 15. Suppose j*s - 93 = 2*q - q, -4*s - q = -117. What is the units digit of 3*5/(s/8)?
4
Suppose -2*a = -15 + 7. Suppose m = -2*s + 13, -3*s - 27 = -a*m + 58. Let x = m + 18. What is the tens digit of x?
3
Let l(b) = -32*b + 31. What is the units digit of l(-7)?
5
What is the units digit of 1311 + -3*6/3?
5
Suppose -a + 340 = -5*a. Let m = 123 + a. What is the units digit of m?
8
Suppose -1087 = -31*g + 959. What is the units digit of g?
6
Let n(c) = -c**2 - c + 2. Let j be n(1). Suppose 20*z - 4531 + 1111 = j. What is the units digit of z?
1
Let l = 5029 - 2436. What is the tens digit of l?
9
Suppose 0 = 5*l + 5*t + 15, 2*l + 6 = 5*t + 21. Suppose l = 24*n - 28*n + 360. What is the units digit of n?
0
Let q be ((-16)/20)/(1/(-15)). Let s(l) = l**2 - 13*l + 16. Let w be s(q). Suppose -12 = -w*h + 4. What is the units digit of h?
4
Let l be ((-27)/81)/(2/(-18)*1). Suppose 0 = -l*a - 18 + 354. What is the units digit of a?
2
Suppose -5*d = -2*n - 2, -4*d = -3*d - n - 1. Suppose d = 2*s - 25 + 229. What is the units digit of (-4)/(-26) + s/(-13)?
8
Suppose 5*y - 5*k - 125 = 0, -5*y = 4*k - 101 + 21. Suppose -3*u - g + 104 = -u, 5*g = y. What is the tens digit of u?
5
Let m = -777 + 1278. What is the hundreds digit of m?
5
Let m(s) = 9*s**2 - s + 1. Let w be 276/27 - (-2)/(-9). Let t be ((-4)/w)/((-9)/(-45)). What is the units digit of m(t)?
9
Suppose 527 = 4*u - 3*o, 0 = -u + 4*u + 5*o - 359. Suppose 9 + 1 = 2*f. Suppose -u = -f*x + x. What is the units digit of x?
2
What is the units digit of 7/(-2)*((-2796)/7 - 4)?
2
Let n = -1759 - -4091. What is the thousands digit of n?
2
Suppose 19*t = 15*t + 832. Suppose 0 = i - 53 - t. What is the units digit of i?
1
Suppose -72 = -i - i. Let b = i + -8. Suppose b + 21 = 3*r + 5*a, 75 = 5*r + 5*a. What is the tens digit of r?
1
Suppose -4*h = -3*v - 0*v + 2668, -2*v + 5*h + 1781 = 0. What is the tens digit of v?
8
Let m = 9 + -6. Suppose 3*p = m*o - 276, 2*p - 2*o + 4*o + 172 = 0. Let g = -53 - p. What is the tens digit of g?
3
Let m(t) be the third derivative of -t**5/60 + 17*t**4/24 - 11*t**3/6 + 9*t**2. What is the units digit of m(7)?
9
Let q(h) be the first derivative of 8*h**2 - 4*h**2 + 2 + 0 + 12*h - 5*h**2. What is the units digit of q(-7)?
6
Let o(n) = -n**2 - 16*n + 16. Let y(c) = -15*c + 15. Let k(u) = 3*o(u) - 4*y(u). Let j be k(7). Let i = j - -142. What is the units digit of i?
7
Let b(l) be the second derivative of 7*l**3/3 - 6*l**2 - 28*l. What is the units digit of b(4)?
4
Suppose 3*q - 2 = k + 4, 3*k = -2*q + 4. Suppose 0 = -3*d - k*d + 9. Suppose -7*z + f = -d*z - 14, 2*z - 12 = -2*f. What is the units digit of z?
4
Suppose 6 = 2*o - 0. Suppose -4*y + 5*z = 45, 0 = -3*z + o - 0. Let q(p) = -p**3 - 9*p**2 + 9*p + 7. What is the tens digit of q(y)?
1
Let d be (0 - (1 - 83))/(-1). Let k be (-7)/(-35) - d/(-10). Let p = 14 + k. What is the units digit of p?
6
Let s be (-8)/(-6)*(-21)/(-14). Let z = 12 + 19. Suppose -3*n + z = 3*w - s, -w + 2 = -2*n. What is the units digit of w?
8
Suppose z = 4*x - 4, 7*z = -5*x + 3*z - 16. Let c = 2 + x. Suppose -l - 2*a = -2*l + 17, 0 = c*a - 6. What is the tens digit of l?
2
Let c(d) = -4*d + 4*d + 36 + 5 + d. Let r be c(0). Let l = 74 - r. What is the tens digit of l?
3
Suppose 0 = -7*j + 9*j. Suppose 3*s - 4*r - r + 19 = j, -3*s + 1 = -r. Suppose u + 3*b - 43 = -11, 5*u = -s*b + 121. What is the tens digit of u?
2
Suppose -15*j - 112 = -8*j. Let r = 17 + j. What is the units digit of r?
1
Let j = 11 + -19. Let v(l) = -l**3 - 10*l**2 - 16*l + 6. Let m be v(j). What is the tens digit of m/(-8) + (-549)/(-12)?
4
Let b(d) = d**3 - 6*d**2 + d - 2. Let s be b(6). Suppose 0 = 2*r - 5*j - 1388, s*r - 2804 = 3*j - 0*j. What is the units digit of 4/(-6) + r/12?
8
What is the units digit of (5 - (-1094 - 1))/1?
0
Let x = -3199 + 5247. What is the tens digit of x?
4
Suppose 120*t + 4743 = 123*t. What is the tens digit of t?
8
Let j be 0*((-36)/8 - -4). Suppose 0 = 2*w - j*w - 6. Suppose -u - 60 = -w*u. What is the tens digit of u?
3
Let p(q) = -6*q**2 + 6*q - 5. Let u be p(4). What is the units digit of (2*u/(-4))/(1/2)?
7
Let l(d) = -d**3 - 22*d**2 + 15*d - 203. What is the tens digit of l(-29)?
4
Suppose 5*s + n - 113 = 0, 0*s + 3*s = -4*n + 78. Suppose 0 = -3*m + s + 23. What is the units digit of m?
5
Let m(f) = -f**3 + 5*f + 6. Let g(s) = s**2 - 4*s - 8. Let b be g(5). What is the units digit of m(b)?
8
Let i = 8 + 223. What is the units digit of i?
1
Let w(t) be the third derivative of -t**6/360 + t**5/40 + 5*t**4/24 - 6*t**2. Let m(n) be the second derivative of w(n). What is the units digit of m(-3)?
9
Let z(d) = -22*d**3 + 9*d**2 + d + 15. What is the units digit of z(-4)?
3
Let d(m) be the third derivative of m**6/120 + m**4/24 + 5*m**2. Let c be d(-1). What is the tens digit of 28 + -1*2/c?
2
Let q(z) = 11*z**2 - z. Let i(x) = 1 - 6 + x - 2*x + 0*x. Let n be i(-4). What is the tens digit of q(n)?
1
Let b = -15 + 19. Suppose -8*c + 12 = -b*c. Suppose -c*o - 22 + 67 = 0. What is the units digit of o?
5
Let f be ((-3)/6)/((-3)/126). Let h = f - 19. Suppose 2*z + h = 16. What is the units digit of z?
7
Suppose 8 = -2*r + 4*y, 3*y - 2 - 1 = 3*r. Suppose 1 = -t, -2*x = x - r*t - 47. What is the tens digit of (x/(-45))/((-1)/105)?
3
Suppose 2*b = i - 212, 0 = 3*i + i - 5*b - 839. What is the units digit of i?
6
Suppose 5*s = 25, 3*j - 5*s - 2438 = 894. What is the units digit of j?
9
Suppose 4*t + t - 15 = 0. Let g = 8 - 3. Suppose g*d = 5*u + 140, d + 5*u - 1 = t. What is the tens digit of d?
2
Suppose 3*r = 2*w + w + 3027, 2*r + 2*w = 2026. Suppose 0 = 8*z - 165 - r. What is the units digit of z?
7
Suppose 3*i - 801 = -5*t, -8*t + 3*i = -5*t - 495. What is the hundreds digit of t?
1
Let k(r) = 77*r + 5. Let f be k(-11). What is the tens digit of (-1)/5 - f/10?
8
Suppose -u + 0*u = 4*j - 8, -3*j = -2*u + 5. Suppose u*y - o = -0*o + 28, -2*y + 2*o + 14 = 0. Let w(a) = 3*a + 4. What is the units digit of w(y)?
5
Suppose -w - 3*w + 12 = 0. Let y(u) = u**3 - 3*u**2 + 2*u - 3. Let v be y(w). Suppose v*r + 6 = 9. What is the units digit of r?
1
Let f(z) be the third derivative of z**5/60 - 3*z**4/8 + 3*z**3 + 3*z**2. What is the units digit of f(13)?
0
Let a(i) = -30*i - 1. Suppose 70 = -4*v - 38. Let q be (-2)/3*v/(-18). What is the tens digit of a(q)?
2
Suppose 6*h + 54 = 4*h. Let q = 28 - h. What is the units digit of q?
5
Let c = -439 + 884. What is the hundreds digit of c?
4
What is the hundreds digit of (200538/312)/((-3)/(-4))?
8
Let g = 293 - -49. What is the hundreds digit of g?
3
Let f(j) = j**2 + 11*j + 13. Let z be f(-10). Suppose v - z = 0, 5*q = -4*v + 336 + 221. What is the units digit of q?
9
Suppose -4*i - 6 = 2*q, 5*q + 63 = 4*i - 8. Let r = q + 18. What is the units digit of r?
7
Let j(c) = 3*c**2 - 6*c + 4. Let i be j(6). Suppose 2*y - i = -4*f + 14, -4*y + 84 = 4*f. What is the tens digit of f?
2
Let u be (-2 + 3)*-5 + 1 + 2. What is the units digit of (-1 - -165)/1 + u?
2
Let f(i) = -4*i**3 - i**2 - 5*i. Let l(v) = 5*v**3 + 4*v. Let z(j) = -6*f(j) - 5*l(j). What is the units digit of z(7)?
1
Suppose -3*o + 69 = 732. Let k = -153 - o. Suppose -3*p - 36 = -c - 212, p + 2*c = k. What is the units digit of p?
0
Let d be (-2)/(-4)*(-9 + 5). What is the units digit of d/(1*6/(-129))?
3
Let r(q) = 2*q**3 + 5*q**2 - 6*q + 82. What is the tens digit of r(10)?
2
Let a be (2 + (-12)/(-3))*2. What is the tens digit of 51 - (14/(-4) - (-6)/a)?
5
Let t = -140 - -280. Suppose 0 = 3*z - l - t, 4*z = -z + 3*l + 232. Suppose 5*o = 4*m + 82, o + 3*o - z = -3*m. What is the units digit of o?
4
Suppose -326 = -4*u - 2*x, 3*x + 2*x = 4*u - 319. What is the units digit of u?
1
Suppose 3*p - 2*z = -2*p + 31, 4*z = -4*p + 36. Let i be (25/2 - 4)*2. Suppose 8*r = p*r + i. What is the tens digit of r?
1
Let x be 5 + (-1 + 0 - 2). Suppose y = -4*j + 253, 0 = -x*j - 2*j - 3*y + 247. What is the tens digit of j?
6
Suppose i + 3*z = 1024, 3096 = 3*i + z + 2*z. What is the tens digit of i?
3
Let s(y) = -16 + 6 + 32*y - 31*y. Let w be s(8). What is the units digit of (-114)/(-4)*w/(-3)?
9
Let v(k) = 126*k + 5 - 124*k - 1 + 10*k**2 + k*